[INFO] fetching crate robin_core 0.4.13...
[INFO] checking robin_core-0.4.13 against try#72f88fc4e9458f89516a0b8b0868f3718aec5b47 for pr-74989
[INFO] extracting crate robin_core 0.4.13 into /workspace/builds/worker-5/source
[INFO] validating manifest of crates.io crate robin_core 0.4.13 on toolchain 72f88fc4e9458f89516a0b8b0868f3718aec5b47
[INFO] running `Command { std: "/workspace/cargo-home/bin/cargo" "+72f88fc4e9458f89516a0b8b0868f3718aec5b47" "read-manifest" "--manifest-path" "Cargo.toml", kill_on_drop: false }`
[INFO] started tweaking crates.io crate robin_core 0.4.13
[INFO] finished tweaking crates.io crate robin_core 0.4.13
[INFO] tweaked toml for crates.io crate robin_core 0.4.13 written to /workspace/builds/worker-5/source/Cargo.toml
[INFO] running `Command { std: "/workspace/cargo-home/bin/cargo" "+72f88fc4e9458f89516a0b8b0868f3718aec5b47" "generate-lockfile" "--manifest-path" "Cargo.toml" "-Zno-index-update", kill_on_drop: false }`
[INFO] running `Command { std: "/workspace/cargo-home/bin/cargo" "+72f88fc4e9458f89516a0b8b0868f3718aec5b47" "fetch" "--locked" "--manifest-path" "Cargo.toml", kill_on_drop: false }`
[INFO] [stderr]  Downloading crates ...
[INFO] [stderr]   Downloaded pest v1.0.6
[INFO] [stderr]   Downloaded pest_derive v1.0.8
[INFO] running `Command { std: "docker" "create" "-v" "/var/lib/crater-agent-workspace/builds/worker-5/target:/opt/rustwide/target:rw,Z" "-v" "/var/lib/crater-agent-workspace/builds/worker-5/source:/opt/rustwide/workdir:ro,Z" "-v" "/var/lib/crater-agent-workspace/cargo-home:/opt/rustwide/cargo-home:ro,Z" "-v" "/var/lib/crater-agent-workspace/rustup-home:/opt/rustwide/rustup-home:ro,Z" "-e" "SOURCE_DIR=/opt/rustwide/workdir" "-e" "CARGO_TARGET_DIR=/opt/rustwide/target" "-e" "CARGO_HOME=/opt/rustwide/cargo-home" "-e" "RUSTUP_HOME=/opt/rustwide/rustup-home" "-w" "/opt/rustwide/workdir" "-m" "1610612736" "--user" "0:0" "--network" "none" "rustops/crates-build-env@sha256:d92eaeed33fa75130ca1ee6c8a01d1ffb62bac859dfdfb3450e3e5d1c0146529" "/opt/rustwide/cargo-home/bin/cargo" "+72f88fc4e9458f89516a0b8b0868f3718aec5b47" "metadata" "--no-deps" "--format-version=1", kill_on_drop: false }`
[INFO] [stdout] 9175a9e1eaba8405b92afe3f2cabab3471868d8f21a5e2097cc563ecc4914025
[INFO] [stderr] WARNING: Your kernel does not support swap limit capabilities or the cgroup is not mounted. Memory limited without swap.
[INFO] running `Command { std: "docker" "start" "-a" "9175a9e1eaba8405b92afe3f2cabab3471868d8f21a5e2097cc563ecc4914025", kill_on_drop: false }`
[INFO] running `Command { std: "docker" "inspect" "9175a9e1eaba8405b92afe3f2cabab3471868d8f21a5e2097cc563ecc4914025", kill_on_drop: false }`
[INFO] running `Command { std: "docker" "rm" "-f" "9175a9e1eaba8405b92afe3f2cabab3471868d8f21a5e2097cc563ecc4914025", kill_on_drop: false }`
[INFO] [stdout] 9175a9e1eaba8405b92afe3f2cabab3471868d8f21a5e2097cc563ecc4914025
[INFO] running `Command { std: "docker" "create" "-v" "/var/lib/crater-agent-workspace/builds/worker-5/target:/opt/rustwide/target:rw,Z" "-v" "/var/lib/crater-agent-workspace/builds/worker-5/source:/opt/rustwide/workdir:ro,Z" "-v" "/var/lib/crater-agent-workspace/cargo-home:/opt/rustwide/cargo-home:ro,Z" "-v" "/var/lib/crater-agent-workspace/rustup-home:/opt/rustwide/rustup-home:ro,Z" "-e" "SOURCE_DIR=/opt/rustwide/workdir" "-e" "CARGO_TARGET_DIR=/opt/rustwide/target" "-e" "CARGO_INCREMENTAL=0" "-e" "RUST_BACKTRACE=full" "-e" "RUSTFLAGS=--cap-lints=forbid" "-e" "CARGO_HOME=/opt/rustwide/cargo-home" "-e" "RUSTUP_HOME=/opt/rustwide/rustup-home" "-w" "/opt/rustwide/workdir" "-m" "1610612736" "--user" "0:0" "--network" "none" "rustops/crates-build-env@sha256:d92eaeed33fa75130ca1ee6c8a01d1ffb62bac859dfdfb3450e3e5d1c0146529" "/opt/rustwide/cargo-home/bin/cargo" "+72f88fc4e9458f89516a0b8b0868f3718aec5b47" "check" "--frozen" "--all" "--all-targets" "--message-format=json", kill_on_drop: false }`
[INFO] [stdout] 0583dde289722832008b6fe6b25622dc9aef6d80ae9e75d1ded145b5ca556309
[INFO] [stderr] WARNING: Your kernel does not support swap limit capabilities or the cgroup is not mounted. Memory limited without swap.
[INFO] running `Command { std: "docker" "start" "-a" "0583dde289722832008b6fe6b25622dc9aef6d80ae9e75d1ded145b5ca556309", kill_on_drop: false }`
[INFO] [stderr]    Compiling pest v1.0.6
[INFO] [stderr]     Checking ansi_term v0.9.0
[INFO] [stderr]    Compiling pest_derive v1.0.8
[INFO] [stderr]     Checking robin_core v0.4.13 (/opt/rustwide/workdir)
[INFO] [stdout] error[E0432]: unresolved import `pest::inputs`
[INFO] [stdout]  --> src/parser.rs:4:11
[INFO] [stdout]   |
[INFO] [stdout] 4 | use pest::inputs::StrInput;
[INFO] [stdout]   |           ^^^^^^ could not find `inputs` in `pest`
[INFO] [stdout] 
[INFO] [stdout] 
[INFO] [stdout] error[E0432]: unresolved import `pest::inputs`
[INFO] [stdout]  --> src/parser.rs:4:11
[INFO] [stdout]   |
[INFO] [stdout] 4 | use pest::inputs::StrInput;
[INFO] [stdout]   |           ^^^^^^ could not find `inputs` in `pest`
[INFO] [stdout] 
[INFO] [stdout] 
[INFO] [stdout] error[E0107]: wrong number of type arguments: expected 1, found 2
[INFO] [stdout]   --> src/parser.rs:16:39
[INFO] [stdout]    |
[INFO] [stdout] 16 | fn parse_expression(input: Pair<Rule, StrInput>) -> Expression {
[INFO] [stdout]    |                                       ^^^^^^^^ unexpected type argument
[INFO] [stdout] 
[INFO] [stdout] 
[INFO] [stdout] error: aborting due to 2 previous errors
[INFO] [stdout] 
[INFO] [stdout] 
[INFO] [stdout] error[E0107]: wrong number of type arguments: expected 1, found 2
[INFO] [stdout]   --> src/parser.rs:16:39
[INFO] [stdout]    |
[INFO] [stdout] 16 | fn parse_expression(input: Pair<Rule, StrInput>) -> Expression {
[INFO] [stdout]    |                                       ^^^^^^^^ unexpected type argument
[INFO] [stdout] 
[INFO] [stdout] 
[INFO] [stdout] error: aborting due to 2 previous errors
[INFO] [stdout] 
[INFO] [stdout] 
[INFO] [stdout] Some errors have detailed explanations: E0107, E0432.
[INFO] [stdout] 
[INFO] [stdout] For more information about an error, try `rustc --explain E0107`.
[INFO] [stdout] 
[INFO] [stdout] Some errors have detailed explanations: E0107, E0432.
[INFO] [stdout] 
[INFO] [stdout] For more information about an error, try `rustc --explain E0107`.
[INFO] [stdout] 
[INFO] [stderr] error: could not compile `robin_core`.
[INFO] [stderr] 
[INFO] [stderr] To learn more, run the command again with --verbose.
[INFO] [stderr] warning: build failed, waiting for other jobs to finish...
[INFO] [stderr] error: build failed
[INFO] running `Command { std: "docker" "inspect" "0583dde289722832008b6fe6b25622dc9aef6d80ae9e75d1ded145b5ca556309", kill_on_drop: false }`
[INFO] running `Command { std: "docker" "rm" "-f" "0583dde289722832008b6fe6b25622dc9aef6d80ae9e75d1ded145b5ca556309", kill_on_drop: false }`
[INFO] [stdout] 0583dde289722832008b6fe6b25622dc9aef6d80ae9e75d1ded145b5ca556309
